te the remainder when 1169791 is divided by 167096.
119
What is the remainder when 449876 is divided by 1717?
22
Calculate the remainder when 377387 is divided by 62851.
281
Calculate the remainder when 199799 is divided by 6775.
3324
What is the remainder when 4885576 is divided by 321?
277
What is the remainder when 12115551 is divided by 5?
1
What is the remainder when 3175093 is divided by 793451?
1289
What is the remainder when 1509220 is divided by 1278?
1180
What is the remainder when 3924794 is divided by 1308264?
2
What is the remainder when 3444795 is divided by 382755?
0
Calculate the remainder when 6297664 is divided by 355.
319
What is the remainder when 28164235 is divided by 204?
199
Calculate the remainder when 87457 is divided by 2042.
1693
Calculate the remainder when 370521 is divided by 1401.
657
Calculate the remainder when 43254328 is divided by 14418104.
16
What is the remainder when 232181 is divided by 1558?
39
What is the remainder when 1445741828 is divided by 6579?
6578
What is the remainder when 28667 is divided by 9383?
518
What is the remainder when 927335 is divided by 309033?
236
What is the remainder when 23048689 is divided by 34504?
17
Calculate the remainder when 15157962 is divided by 23.
19
What is the remainder when 196966 is divided by 67?
53
Calculate the remainder when 6160842 is divided by 13.
12
Calculate the remainder when 502070 is divided by 14034.
10880
Calculate the remainder when 26710054 is divided by 20.
14
What is the remainder when 1694065 is divided by 242004?
37
Calculate the remainder when 32209495 is divided by 394.
389
Calculate the remainder when 50062 is divided by 21302.
7458
Calculate the remainder when 16803972 is divided by 5601264.
180
What is the remainder when 430991 is divided by 215451?
89
Calculate the remainder when 19195810 is divided by 15812.
42
Calculate the remainder when 16217673 is divided by 16217669.
4
What is the remainder when 1986614 is divided by 2604?
2366
What is the remainder when 7906833 is divided by 4687?
4551
What is the remainder when 409237 is divided by 172?
49
Calculate the remainder when 21023 is divided by 747.
107
Calculate the remainder when 3330975 is divided by 307.
25
Calculate the remainder when 339711 is divided by 215.
11
What is the remainder when 394745 is divided by 591?
548
What is the remainder when 68090 is divided by 2526?
2414
What is the remainder when 15766593 is divided by 10518?
111
Calculate the remainder when 37331969 is divided by 3335.
3314
What is the remainder when 10468 is divided by 10429?
39
Calculate the remainder when 9035609 is divided by 3011865.
14
Calculate the remainder when 5098056 is divided by 2369.
2337
What is the remainder when 86162 is divided by 958?
900
What is the remainder when 1361883 is divided by 1312?
27
What is the remainder when 3083502 is divided by 15264?
174
What is the remainder when 2723353555 is divided by 98?
97
What is the remainder when 790267 is divided by 14?
9
What is the remainder when 34439168 is divided by 371?
351
Calculate the remainder when 47178 is divided by 11793.
6
What is the remainder when 1893731 is divided by 45?
41
Calculate the remainder when 10293 is divided by 4244.
1805
What is the remainder when 26776 is divided by 6359?
1340
Calculate the remainder when 112456789 is divided by 100.
89
Calculate the remainder when 2470627 is divided by 1424.
1411
Calculate the remainder when 8655462 is divided by 68.
14
What is the remainder when 73065728 is divided by 235?
233
What is the remainder when 103688 is divided by 132?
68
Calculate the remainder when 30309761 is divided by 15154876.
9
Calculate the remainder when 476977 is divided by 2981.
17
What is the remainder when 347177 is divided by 115505?
662
What is the remainder when 1028554 is divided by 180?
34
Calculate the remainder when 150079 is divided by 2682.
2569
What is the remainder when 4477019 is divided by 65?
14
Calculate the remainder when 5689539 is divided by 33865.
219
What is the remainder when 29122 is divided by 28413?
709
Calculate the remainder when 61033174 is divided by 1624.
6
Calculate the remainder when 29194190 is divided by 561426.
38
What is the remainder when 125853 is divided by 20896?
477
Calculate the remainder when 732162 is divided by 133.
130
What is the remainder when 18467 is divided by 4395?
887
Calculate the remainder when 8432954 is divided by 1373.
1361
Calculate the remainder when 185270 is divided by 4216.
3982
What is the remainder when 66500499 is divided by 1070?
1069
What is the remainder when 734991 is divided by 73470?
291
Calculate the remainder when 9669004 is divided by 5814.
322
Calculate the remainder when 199993053 is divided by 9335.
13
Calculate the remainder when 323158 is divided by 155.
138
Calculate the remainder when 932308 is divided by 44393.
55
Calculate the remainder when 14308449 is divided by 14308446.
3
What is the remainder when 2186898 is divided by 91?
77
What is the remainder when 22939646 is divided by 2293962?
26
What is the remainder when 749367 is divided by 6248?
5855
Calculate the remainder when 197189 is divided by 65374.
1067
What is the remainder when 392176609 is divided by 642?
637
Calculate the remainder when 994774 is divided by 2532.
2230
Calculate the remainder when 9990 is divided by 2459.
154
Calculate the remainder when 7771769 is divided by 53.
8
Calculate the remainder when 1559255 is divided by 2440.
95
What is the remainder when 149243 is divided by 29812?
183
Calculate the remainder when 344999 is divided by 172492.
15
Calculate the remainder when 1469678 is divided by 1469678.
0
What is the remainder when 49481249 is divided by 12694?
37
What is the remainder when 41505136 is divided by 247?
244
What is the remainder when 4110972 is divided by 454?
2
Calculate the remainder when 668125 is divided by 95445.
10
What is the remainder when 1920667 is divided by 645?
502
Calculate the remainder when 6655 is divided by 2164.
163
What is the remainder when 130202304 is divided by 8137644?
0
What is the remainder when 47891 is divided by 15799?
494
What is the remainder when 7727647 is divided by 3652?
15
Calculate the remainder when 334508 is divided by 276.
272
Calculate the remainder when 4841648 is divided by 34.
14
What is the remainder when 207956 is divided by 1072?
1060
What is the remainder when 43252889 is divided by 422?
421
Calculate the remainder when 2248539 is divided by 2661.
2655
What is the remainder when 232504108 is divided by 1297?
1294
Calculate the remainder when 169517 is divided by 2022.
1691
Calculate the remainder when 65441061 is divided by 57.
45
What is the remainder when 2184033 is divided by 5463?
4296
What is the remainder when 17153329 is divided by 169?
167
What is the remainder when 20388 is divided by 92?
56
What is the remainder when 2084618 is divided by 409?
354
Calculate the remainder when 20831039 is divided by 1215.
1079
Calculate the remainder when 78551 is divided by 184.
167
Calculate the remainder when 110354806 is divided by 83.
81
Calculate the remainder when 2159038 is divided by 1042.
14
What is the remainder when 213433 is divided by 106713?
7
Calculate the remainder when 15072730 is divided by 16330.
140
What is the remainder when 77281 is divided by 4542?
67
Calculate the remainder when 27387538 is divided by 978126.
10
What is the remainder when 4374778 is divided by 170?
168
What is the remainder when 3770733657 is divided by 1182?
1179
Calculate the remainder when 4249249 is divided by 849844.
29
Calculate the remainder when 32800479 is divided by 394.
373
What is the remainder when 1227931 is divided by 848?
27
Calculate the remainder when 229855 is divided by 32833.
24
Calculate the remainder when 27226499 is divided by 209.
69
What is the remainder when 13460578 is divided by 270?
268
Calculate the remainder when 1264155 is divided by 2341.
15
What is the remainder when 2792226 is divided by 1098?
12
What is the remainder when 1233825 is divided by 19896?
273
Calculate the remainder when 1003744 is divided by 1003732.
12
What is the remainder when 1330235 is divided by 101?
65
Calculate the remainder when 33311 is divided by 2470.
1201
Calculate the remainder when 8255